{"version":"1.0","provider_name":"El Regional","provider_url":"https:\/\/elregionalvm.com.ar\/noticias-villa-maria","author_name":"Contenidos El Regional","author_url":"https:\/\/elregionalvm.com.ar\/noticias-villa-maria\/author\/contenido\/","title":"Accidente de tr\u00e1nsito \u201clesiones graves\u201d - El Regional","type":"rich","width":600,"height":338,"html":"<blockquote class=\"wp-embedded-content\" data-secret=\"1lcLmPQOKN\"><a href=\"https:\/\/elregionalvm.com.ar\/noticias-villa-maria\/accidente-de-transito-lesiones-graves\/\">Accidente de tr\u00e1nsito \u201clesiones graves\u201d<\/a><\/blockquote><iframe sandbox=\"allow-scripts\" security=\"restricted\" src=\"https:\/\/elregionalvm.com.ar\/noticias-villa-maria\/accidente-de-transito-lesiones-graves\/embed\/#?secret=1lcLmPQOKN\" width=\"600\" height=\"338\" title=\"\u00abAccidente de tr\u00e1nsito \u201clesiones graves\u201d\u00bb \u2014 El Regional\" data-secret=\"1lcLmPQOKN\" frameborder=\"0\" marginwidth=\"0\" marginheight=\"0\" scrolling=\"no\" class=\"wp-embedded-content\"><\/iframe><script>\n\/*! This file is auto-generated *\/\n!function(d,l){\"use strict\";l.querySelector&&d.addEventListener&&\"undefined\"!=typeof URL&&(d.wp=d.wp||{},d.wp.receiveEmbedMessage||(d.wp.receiveEmbedMessage=function(e){var t=e.data;if((t||t.secret||t.message||t.value)&&!\/[^a-zA-Z0-9]\/.test(t.secret)){for(var s,r,n,a=l.querySelectorAll('iframe[data-secret=\"'+t.secret+'\"]'),o=l.querySelectorAll('blockquote[data-secret=\"'+t.secret+'\"]'),c=new RegExp(\"^https?:$\",\"i\"),i=0;i<o.length;i++)o[i].style.display=\"none\";for(i=0;i<a.length;i++)s=a[i],e.source===s.contentWindow&&(s.removeAttribute(\"style\"),\"height\"===t.message?(1e3<(r=parseInt(t.value,10))?r=1e3:~~r<200&&(r=200),s.height=r):\"link\"===t.message&&(r=new URL(s.getAttribute(\"src\")),n=new URL(t.value),c.test(n.protocol))&&n.host===r.host&&l.activeElement===s&&(d.top.location.href=t.value))}},d.addEventListener(\"message\",d.wp.receiveEmbedMessage,!1),l.addEventListener(\"DOMContentLoaded\",function(){for(var e,t,s=l.querySelectorAll(\"iframe.wp-embedded-content\"),r=0;r<s.length;r++)(t=(e=s[r]).getAttribute(\"data-secret\"))||(t=Math.random().toString(36).substring(2,12),e.src+=\"#?secret=\"+t,e.setAttribute(\"data-secret\",t)),e.contentWindow.postMessage({message:\"ready\",secret:t},\"*\")},!1)))}(window,document);\n\/\/# sourceURL=https:\/\/elregionalvm.com.ar\/noticias-villa-maria\/wp-includes\/js\/wp-embed.min.js\n<\/script>\n","thumbnail_url":"http:\/\/elregionalvm.com.ar\/noticias-villa-maria\/wp-content\/uploads\/2022\/01\/policial01.jpg","thumbnail_width":1200,"thumbnail_height":1600,"description":"Personal de la patrulla preventiva de la ciudad de Villa Mar\u00eda, en calle prolongaci\u00f3n Alvear al 1900, lugar en que un autom\u00f3vil marca Fiat, modelo Palio, conducido por un hombre de 48 a\u00f1os, por causas que se tratan de establecer, perdi\u00f3 el control de su veh\u00edculo, dando medio vuelco. Como resultado del siniestro personal de [&hellip;]"}

Accidente de tránsito “lesiones graves” - El Regional

<blockquote class="wp-embedded-content" data-secret="1lcLmPQOKN"><a href="https://elregionalvm.com.ar/noticias-villa-maria/accidente-de-transito-lesiones-graves/">Accidente de tránsito “lesiones graves”</a></blockquote><iframe sandbox="allow-scripts" security="restricted" src="https://elregionalvm.com.ar/noticias-villa-maria/accidente-de-transito-lesiones-graves/embed/#?secret=1lcLmPQOKN" width="600" height="338" title="«Accidente de tránsito “lesiones graves”» — El Regional" data-secret="1lcLmPQOKN" frameborder="0" marginwidth="0" marginheight="0" scrolling="no" class="wp-embedded-content"></iframe><script>
/*! This file is auto-generated */
!function(d,l){"use strict";l.querySelector&&d.addEventListener&&"undefined"!=typeof URL&&(d.wp=d.wp||{},d.wp.receiveEmbedMessage||(d.wp.receiveEmbedMessage=function(e){var t=e.data;if((t||t.secret||t.message||t.value)&&!/[^a-zA-Z0-9]/.test(t.secret)){for(var s,r,n,a=l.querySelectorAll('iframe[data-secret="'+t.secret+'"]'),o=l.querySelectorAll('blockquote[data-secret="'+t.secret+'"]'),c=new RegExp("^https?:$","i"),i=0;i<o.length;i++)o[i].style.display="none";for(i=0;i<a.length;i++)s=a[i],e.source===s.contentWindow&&(s.removeAttribute("style"),"height"===t.message?(1e3<(r=parseInt(t.value,10))?r=1e3:~~r<200&&(r=200),s.height=r):"link"===t.message&&(r=new URL(s.getAttribute("src")),n=new URL(t.value),c.test(n.protocol))&&n.host===r.host&&l.activeElement===s&&(d.top.location.href=t.value))}},d.addEventListener("message",d.wp.receiveEmbedMessage,!1),l.addEventListener("DOMContentLoaded",function(){for(var e,t,s=l.querySelectorAll("iframe.wp-embedded-content"),r=0;r<s.length;r++)(t=(e=s[r]).getAttribute("data-secret"))||(t=Math.random().toString(36).substring(2,12),e.src+="#?secret="+t,e.setAttribute("data-secret",t)),e.contentWindow.postMessage({message:"ready",secret:t},"*")},!1)))}(window,document);
//# sourceURL=https://elregionalvm.com.ar/noticias-villa-maria/wp-includes/js/wp-embed.min.js
</script>

Personal de la patrulla preventiva de la ciudad de Villa María, en calle prolongación Alvear al 1900, lugar en que un automóvil marca Fiat, modelo Palio, conducido por un hombre de 48 años, por causas que se tratan de establecer, perdió el control de su vehículo, dando medio vuelco. Como resultado del siniestro personal de [&hellip;]
