{"version":"1.0","provider_name":"El Regional","provider_url":"https:\/\/elregionalvm.com.ar\/noticias-villa-maria","author_name":"Contenidos El Regional","author_url":"https:\/\/elregionalvm.com.ar\/noticias-villa-maria\/author\/contenido\/","title":"Villa Nueva: Atletas locales compitieron en la zona - El Regional","type":"rich","width":600,"height":338,"html":"<blockquote class=\"wp-embedded-content\" data-secret=\"iT9lzQh37t\"><a href=\"https:\/\/elregionalvm.com.ar\/noticias-villa-maria\/atletas-locales-compitieron-en-la-zona\/\">Villa Nueva: Atletas locales compitieron en la zona<\/a><\/blockquote><iframe sandbox=\"allow-scripts\" security=\"restricted\" src=\"https:\/\/elregionalvm.com.ar\/noticias-villa-maria\/atletas-locales-compitieron-en-la-zona\/embed\/#?secret=iT9lzQh37t\" width=\"600\" height=\"338\" title=\"\u00abVilla Nueva: Atletas locales compitieron en la zona\u00bb \u2014 El Regional\" data-secret=\"iT9lzQh37t\" frameborder=\"0\" marginwidth=\"0\" marginheight=\"0\" scrolling=\"no\" class=\"wp-embedded-content\"><\/iframe><script>\n\/*! This file is auto-generated *\/\n!function(d,l){\"use strict\";l.querySelector&&d.addEventListener&&\"undefined\"!=typeof URL&&(d.wp=d.wp||{},d.wp.receiveEmbedMessage||(d.wp.receiveEmbedMessage=function(e){var t=e.data;if((t||t.secret||t.message||t.value)&&!\/[^a-zA-Z0-9]\/.test(t.secret)){for(var s,r,n,a=l.querySelectorAll('iframe[data-secret=\"'+t.secret+'\"]'),o=l.querySelectorAll('blockquote[data-secret=\"'+t.secret+'\"]'),c=new RegExp(\"^https?:$\",\"i\"),i=0;i<o.length;i++)o[i].style.display=\"none\";for(i=0;i<a.length;i++)s=a[i],e.source===s.contentWindow&&(s.removeAttribute(\"style\"),\"height\"===t.message?(1e3<(r=parseInt(t.value,10))?r=1e3:~~r<200&&(r=200),s.height=r):\"link\"===t.message&&(r=new URL(s.getAttribute(\"src\")),n=new URL(t.value),c.test(n.protocol))&&n.host===r.host&&l.activeElement===s&&(d.top.location.href=t.value))}},d.addEventListener(\"message\",d.wp.receiveEmbedMessage,!1),l.addEventListener(\"DOMContentLoaded\",function(){for(var e,t,s=l.querySelectorAll(\"iframe.wp-embedded-content\"),r=0;r<s.length;r++)(t=(e=s[r]).getAttribute(\"data-secret\"))||(t=Math.random().toString(36).substring(2,12),e.src+=\"#?secret=\"+t,e.setAttribute(\"data-secret\",t)),e.contentWindow.postMessage({message:\"ready\",secret:t},\"*\")},!1)))}(window,document);\n\/\/# sourceURL=https:\/\/elregionalvm.com.ar\/noticias-villa-maria\/wp-includes\/js\/wp-embed.min.js\n<\/script>\n","thumbnail_url":"http:\/\/elregionalvm.com.ar\/noticias-villa-maria\/wp-content\/uploads\/2023\/03\/WhatsApp-Image-2023-03-20-at-18.12.40-2.jpeg","thumbnail_width":1080,"thumbnail_height":805,"description":"Alumnos de la Escuela de Ciclismo y Atletismo \u201cActitud RS\u201d de la ciudad de Villa Nueva, que dirige Ra\u00fal Suppo, participaron este fin de semana en varios eventos. En la localidad serrana de Alpa Corral, en una prueba de monta\u00f1a dividida en dos etapas, desarrollada entre s\u00e1bado y domingo, Roc\u00edo Poguetti obtuvo el 6to. lugar [&hellip;]"}

Alumnos de la Escuela de Ciclismo y Atletismo “Actitud RS” de la ciudad de Villa Nueva, que dirige Raúl Suppo, participaron este fin de semana en varios eventos. En la localidad serrana de Alpa Corral, en una prueba de montaña dividida en dos etapas, desarrollada entre sábado y domingo, Rocío Poguetti obtuvo el 6to. lugar [&hellip;]
