{"version":"1.0","provider_name":"El Regional","provider_url":"https:\/\/elregionalvm.com.ar\/noticias-villa-maria","author_name":"Miguel Andreis","author_url":"https:\/\/elregionalvm.com.ar\/noticias-villa-maria\/author\/miguelandreis\/","title":"Nuevos horarios en ambas villas\u2026 - El Regional","type":"rich","width":600,"height":338,"html":"<blockquote class=\"wp-embedded-content\" data-secret=\"R9cc1qcQ3E\"><a href=\"https:\/\/elregionalvm.com.ar\/noticias-villa-maria\/nuevos-horarios-en-ambas-villas\/\">Nuevos horarios en ambas villas\u2026<\/a><\/blockquote><iframe sandbox=\"allow-scripts\" security=\"restricted\" src=\"https:\/\/elregionalvm.com.ar\/noticias-villa-maria\/nuevos-horarios-en-ambas-villas\/embed\/#?secret=R9cc1qcQ3E\" width=\"600\" height=\"338\" title=\"\u00abNuevos horarios en ambas villas\u2026\u00bb \u2014 El Regional\" data-secret=\"R9cc1qcQ3E\" frameborder=\"0\" marginwidth=\"0\" marginheight=\"0\" scrolling=\"no\" class=\"wp-embedded-content\"><\/iframe><script>\n\/*! This file is auto-generated *\/\n!function(d,l){\"use strict\";l.querySelector&&d.addEventListener&&\"undefined\"!=typeof URL&&(d.wp=d.wp||{},d.wp.receiveEmbedMessage||(d.wp.receiveEmbedMessage=function(e){var t=e.data;if((t||t.secret||t.message||t.value)&&!\/[^a-zA-Z0-9]\/.test(t.secret)){for(var s,r,n,a=l.querySelectorAll('iframe[data-secret=\"'+t.secret+'\"]'),o=l.querySelectorAll('blockquote[data-secret=\"'+t.secret+'\"]'),c=new RegExp(\"^https?:$\",\"i\"),i=0;i<o.length;i++)o[i].style.display=\"none\";for(i=0;i<a.length;i++)s=a[i],e.source===s.contentWindow&&(s.removeAttribute(\"style\"),\"height\"===t.message?(1e3<(r=parseInt(t.value,10))?r=1e3:~~r<200&&(r=200),s.height=r):\"link\"===t.message&&(r=new URL(s.getAttribute(\"src\")),n=new URL(t.value),c.test(n.protocol))&&n.host===r.host&&l.activeElement===s&&(d.top.location.href=t.value))}},d.addEventListener(\"message\",d.wp.receiveEmbedMessage,!1),l.addEventListener(\"DOMContentLoaded\",function(){for(var e,t,s=l.querySelectorAll(\"iframe.wp-embedded-content\"),r=0;r<s.length;r++)(t=(e=s[r]).getAttribute(\"data-secret\"))||(t=Math.random().toString(36).substring(2,12),e.src+=\"#?secret=\"+t,e.setAttribute(\"data-secret\",t)),e.contentWindow.postMessage({message:\"ready\",secret:t},\"*\")},!1)))}(window,document);\n\/\/# sourceURL=https:\/\/elregionalvm.com.ar\/noticias-villa-maria\/wp-includes\/js\/wp-embed.min.js\n<\/script>\n","thumbnail_url":"http:\/\/elregionalvm.com.ar\/noticias-villa-maria\/wp-content\/uploads\/2020\/05\/negocio-panader\u00eda-1.jpg","thumbnail_width":512,"thumbnail_height":341,"description":"Desde el municipio se nos hizo llegar como se aplicar\u00edan los nuevos tiempos de aperturas y cierres para distintos comercios. Un dato clarificador, ya que hasta el momento se conoc\u00eda lo que se estableci\u00f3 en la capital provincial. El actual cronograma marca algunas diferencias con lo que se conoci\u00f3 con anterioridad. No obstante, las dudas [&hellip;]"}

http://elregionalvm.com.ar/noticias-villa-maria/wp-content/uploads/2020/05/negocio-panadería-1.jpg

Desde el municipio se nos hizo llegar como se aplicarían los nuevos tiempos de aperturas y cierres para distintos comercios. Un dato clarificador, ya que hasta el momento se conocía lo que se estableció en la capital provincial. El actual cronograma marca algunas diferencias con lo que se conoció con anterioridad. No obstante, las dudas [&hellip;]
