{"version":"1.0","provider_name":"El Regional","provider_url":"https:\/\/elregionalvm.com.ar\/noticias-villa-maria","author_name":"Contenidos El Regional","author_url":"https:\/\/elregionalvm.com.ar\/noticias-villa-maria\/author\/contenido\/","title":"Santa Eufemia proyecta su Parque Industrial - El Regional","type":"rich","width":600,"height":338,"html":"<blockquote class=\"wp-embedded-content\" data-secret=\"JkSUtOEraG\"><a href=\"https:\/\/elregionalvm.com.ar\/noticias-villa-maria\/santa-eufemia-proyecta-su-parque-industrial\/\">Santa Eufemia proyecta su Parque Industrial<\/a><\/blockquote><iframe sandbox=\"allow-scripts\" security=\"restricted\" src=\"https:\/\/elregionalvm.com.ar\/noticias-villa-maria\/santa-eufemia-proyecta-su-parque-industrial\/embed\/#?secret=JkSUtOEraG\" width=\"600\" height=\"338\" title=\"\u00abSanta Eufemia proyecta su Parque Industrial\u00bb \u2014 El Regional\" data-secret=\"JkSUtOEraG\" frameborder=\"0\" marginwidth=\"0\" marginheight=\"0\" scrolling=\"no\" class=\"wp-embedded-content\"><\/iframe><script>\n\/*! This file is auto-generated *\/\n!function(d,l){\"use strict\";l.querySelector&&d.addEventListener&&\"undefined\"!=typeof URL&&(d.wp=d.wp||{},d.wp.receiveEmbedMessage||(d.wp.receiveEmbedMessage=function(e){var t=e.data;if((t||t.secret||t.message||t.value)&&!\/[^a-zA-Z0-9]\/.test(t.secret)){for(var s,r,n,a=l.querySelectorAll('iframe[data-secret=\"'+t.secret+'\"]'),o=l.querySelectorAll('blockquote[data-secret=\"'+t.secret+'\"]'),c=new RegExp(\"^https?:$\",\"i\"),i=0;i<o.length;i++)o[i].style.display=\"none\";for(i=0;i<a.length;i++)s=a[i],e.source===s.contentWindow&&(s.removeAttribute(\"style\"),\"height\"===t.message?(1e3<(r=parseInt(t.value,10))?r=1e3:~~r<200&&(r=200),s.height=r):\"link\"===t.message&&(r=new URL(s.getAttribute(\"src\")),n=new URL(t.value),c.test(n.protocol))&&n.host===r.host&&l.activeElement===s&&(d.top.location.href=t.value))}},d.addEventListener(\"message\",d.wp.receiveEmbedMessage,!1),l.addEventListener(\"DOMContentLoaded\",function(){for(var e,t,s=l.querySelectorAll(\"iframe.wp-embedded-content\"),r=0;r<s.length;r++)(t=(e=s[r]).getAttribute(\"data-secret\"))||(t=Math.random().toString(36).substring(2,12),e.src+=\"#?secret=\"+t,e.setAttribute(\"data-secret\",t)),e.contentWindow.postMessage({message:\"ready\",secret:t},\"*\")},!1)))}(window,document);\n\/\/# sourceURL=https:\/\/elregionalvm.com.ar\/noticias-villa-maria\/wp-includes\/js\/wp-embed.min.js\n<\/script>\n","thumbnail_url":"http:\/\/elregionalvm.com.ar\/noticias-villa-maria\/wp-content\/uploads\/2022\/03\/Santa-Eufemia-parque-industrial.jpg","thumbnail_width":575,"thumbnail_height":433,"description":"El intendente Gerardo Allende present\u00f3 ante la secretaria de Parques Industriales de C\u00f3rdoba, Alejandra Barbero, el proyecto para poner en marcha un complejo fabril en Santa Eufemia, que concentrar\u00e1 el funcionamiento de diversas f\u00e1bricas y empresas productivas. La funcionaria provincial explic\u00f3 las exigencias que deben respetarse en dicho predio para contar con el reconocimiento oficial [&hellip;]"}

El intendente Gerardo Allende presentó ante la secretaria de Parques Industriales de Córdoba, Alejandra Barbero, el proyecto para poner en marcha un complejo fabril en Santa Eufemia, que concentrará el funcionamiento de diversas fábricas y empresas productivas. La funcionaria provincial explicó las exigencias que deben respetarse en dicho predio para contar con el reconocimiento oficial [&hellip;]
